ousands digit of 150562?
0
What is the thousands digit of 67148?
7
What is the ten thousands digit of 42149?
4
What is the hundreds digit of 120?
1
What is the units digit of 18?
8
What is the thousands digit of 3167?
3
What is the units digit of 22439?
9
What is the thousands digit of 8618?
8
What is the hundreds digit of 260?
2
What is the units digit of 25620?
0
What is the units digit of 844?
4
What is the tens digit of 13817?
1
What is the tens digit of 969?
6
What is the hundreds digit of 205348?
3
What is the units digit of 309?
9
What is the tens digit of 9012?
1
What is the thousands digit of 15693?
5
What is the hundreds digit of 627?
6
What is the tens digit of 3999?
9
What is the thousands digit of 3915?
3
What is the hundred thousands digit of 109798?
1
What is the tens digit of 46985?
8
What is the thousands digit of 51362?
1
What is the hundreds digit of 1966?
9
What is the tens digit of 2465?
6
What is the hundreds digit of 5126?
1
What is the units digit of 19911?
1
What is the thousands digit of 1987?
1
What is the units digit of 2425?
5
What is the thousands digit of 2703?
2
What is the units digit of 11434?
4
What is the ten thousands digit of 15573?
1
What is the hundreds digit of 34720?
7
What is the units digit of 28?
8
What is the units digit of 1819?
9
What is the tens digit of 5563?
6
What is the ten thousands digit of 23490?
2
What is the thousands digit of 13624?
3
What is the thousands digit of 79144?
9
What is the units digit of 924?
4
What is the thousands digit of 45188?
5
What is the hundreds digit of 6185?
1
What is the tens digit of 139446?
4
What is the tens digit of 35767?
6
What is the tens digit of 44701?
0
What is the thousands digit of 35963?
5
What is the tens digit of 1271?
7
What is the tens digit of 41836?
3
What is the units digit of 1167?
7
What is the tens digit of 2094?
9
What is the hundreds digit of 1597?
5
What is the units digit of 924?
4
What is the units digit of 623?
3
What is the ten thousands digit of 45546?
4
What is the hundreds digit of 13109?
1
What is the ten thousands digit of 69642?
6
What is the tens digit of 711?
1
What is the units digit of 4893?
3
What is the thousands digit of 14980?
4
What is the units digit of 6316?
6
What is the tens digit of 13792?
9
What is the ten thousands digit of 21941?
2
What is the units digit of 17259?
9
What is the hundreds digit of 22748?
7
What is the tens digit of 6922?
2
What is the hundreds digit of 51203?
2
What is the hundreds digit of 4160?
1
What is the hundreds digit of 2647?
6
What is the thousands digit of 3992?
3
What is the hundreds digit of 248?
2
What is the hundreds digit of 5204?
2
What is the hundreds digit of 48739?
7
What is the units digit of 2837?
7
What is the ten thousands digit of 53624?
5
What is the tens digit of 2336?
3
What is the tens digit of 19567?
6
What is the tens digit of 7233?
3
What is the thousands digit of 9672?
9
What is the ten thousands digit of 118707?
1
What is the tens digit of 782?
8
What is the hundreds digit of 1862?
8
What is the tens digit of 22953?
5
What is the units digit of 38291?
1
What is the hundreds digit of 1879?
8
What is the thousands digit of 1220?
1
What is the units digit of 1836?
6
What is the units digit of 4369?
9
What is the units digit of 5971?
1
What is the hundreds digit of 12511?
5
What is the thousands digit of 22291?
2
What is the thousands digit of 1458?
1
What is the tens digit of 1024?
2
What is the units digit of 575?
5
What is the ten thousands digit of 76305?
7
What is the ten thousands digit of 17120?
1
What is the tens digit of 63308?
0
What is the tens digit of 89?
8
What is the tens digit of 37224?
2
What is the thousands digit of 28338?
8
What is the hundreds digit of 7774?
7
What is the ten thousands digit of 130829?
3
What is the units digit of 85340?
0
What is the hundreds digit of 112?
1
What is the thousands digit of 2247?
2
What is the tens digit of 3125?
2
What is the thousands digit of 47577?
7
What is the thousands digit of 11460?
1
What is the units digit of 152427?
7
What is the units digit of 41345?
5
What is the tens digit of 4348?
4
What is the ten thousands digit of 26535?
2
What is the tens digit of 8851?
5
What is the thousands digit of 1247?
1
What is the ten thousands digit of 24054?
2
What is the units digit of 2297?
7
What is the hundreds digit of 37362?
3
What is the units digit of 98984?
4
What is the ten thousands digit of 60058?
6
What is the ten thousands digit of 115934?
1
What is the units digit of 3119?
9
What is the units digit of 74108?
8
What is the hundreds digit of 6968?
9
What is the ten thousands digit of 30542?
3
What is the thousands digit of 2358?
2
What is the tens digit of 524?
2
What is the ten thousands digit of 16168?
1
What is the units digit of 320?
0
What is the hundreds digit of 2696?
6
What is the units digit of 1285?
5
What is the hundreds digit of 537?
5
What is the thousands digit of 27961?
7
What is the units digit of 20387?
7
What is the tens digit of 14108?
0
What is the thousands digit of 55879?
5
What is the units digit of 111765?
5
What is the units digit of 1506?
6
What is the hundreds digit of 27798?
7
What is the tens digit of 4196?
9
What is the hundreds digit of 1298?
2
What is the thousands digit of 1600?
1
What is the tens digit of 19568?
6
What is the units digit of 3401?
1
What is the units digit of 8132?
2
What is the thousands digit of 2130?
2
What is the tens digit of 673?
7
What is the thousands digit of 102138?
2
What is the tens digit of 87306?
0
What is the thousands digit of 7841?
7
What is the hundreds digit of 1497?
4
What is the thousands digit of 1210?
1
What is the ten thousands digit of 76741?
7
What is the thousands digit of 4675?
4
What is the thousands digit of 1721?
1
What is the units digit of 65865?
5
What is the tens digit of 6973?
7
What is the tens digit of 20958?
5
What is the tens digit of 5786?
8
What is the units digit of 20913?
3
What is the hundreds digit of 20740?
7
What is the hundreds digit of 125?
1
What is the thousands digit of 2579?
2
What is the thousands digit of 1117?
1
What is the hundreds digit of 306?
3
What is the hundreds digit of 626?
6
What is the thousands digit of 4834?
4
What is the units digit of 31358?
8
What is the tens digit of 2436?
3
What is the thousands digit of 7466?
7
What is the units digit of 115419?
9
What is the tens digit of 2525?
2
What is the tens digit of 863?
6
What is the units digit of 48?
8
What is the tens digit of 432?
3
What is the units digit of 56885?
5
What is the hundreds digit of 17608?
6
What is the thousands digit of 4915?
4
What is the thousands digit of 25505?
5
What is the units digit of 20592?
2
What is the units digit of 176?
6
What is the units digit of 730?
0
What is the tens digit of 1154?
5
What is the tens digit of 62732?
3
What is the hundreds digit of 178?
1
What is the thousands digit of 21804?
1
What is the hundreds digit of 880?
8
What is the hundreds digit of 14242?
2
What is the tens digit of 3701?
0
What is the thousands digit of 4752?
4
What is the hundreds digit of 2137?
1
What is the ten thousands digit of 55975?
5
What is the ten thousands digit of 24305?
2
What is the thousands digit of 1809?
1
What is the thousands digit of 42468?
2
What is the tens digit of 18125?
2
What is the tens digit of 12189?
8
What is the units digit of 3491?
1
What is the thousands digit of 1637?
1
What is the tens digit of 7651?
5
What is the hundreds digit of 12069?
0
What is the tens digit of 807?
0
What is the hundreds digit of 2469?
4
What is the thousands digit of 13078?
3
What is the tens digit of 4460?
6
What is the units digit of 340?
0
What is the units digit of 94?
4
What is the units digit of 29481?
1
What is the units digit of 109152?
2
What is the tens digit of 49563?
6
What is the ten thousands digit of 16236?
1
What is the units digit of 674?
4
What is the tens digit of 3500?
0
What is the hundreds digit of 338?
3
What is the ten thousands digit of 15407?
1
What is the tens digit of 1173?
7
What is the hundreds digit of 7415?
4
What is the ten thousands digit of 16203?
1
What is the units digit of 396?
6
What is the tens digit of 49172?
7
What is the units digit of 161?
1
What is the units digit